200
What is -6c4c (base 13) in base 8?
-35652
60731 (base 10) to base 5
3420411
What is -21420 (base 10) in base 2?
-101001110101100
4691 (base 16) to base 10
18065
-57665 (base 9) to base 8
-113065
Convert -1652 (base 7) to base 5.
-10144
What is 31104 (base 6) in base 5?
113034
-b3f (base 16) to base 11
-2188
Convert -26b4 (base 13) to base 2.
-1010110110011
Convert 950 (base 10) to base 11.
794
11422 (base 5) to base 12
5ba
-33007 (base 8) to base 4
-3120013
-226a (base 14) to base 13
-2947
What is 23330 (base 7) in base 5?
142444
What is -1bb (base 13) in base 9?
-388
What is -50b2 (base 13) in base 5?
-324010
Convert -201 (base 16) to base 4.
-20001
Convert 169 (base 16) to base 4.
11221
Convert 96 (base 14) to base 13.
a2
What is -112 (base 16) in base 11?
-22a
Convert -613 (base 11) to base 5.
-10430
Convert 2da (base 14) to base 9.
718
What is -40ba (base 12) in base 11?
-5333
What is de0 (base 16) in base 11?
273a
Convert -2717 (base 12) to base 13.
-206b
220201100 (base 3) to base 14
67d0
Convert 31132 (base 4) to base 13.
514
Convert 2122001 (base 3) to base 8.
3576
-2311 (base 5) to base 12
-237
Convert 961 (base 12) to base 2.
10101011001
Convert 3ce (base 15) to base 7.
2351
What is -43406 (base 7) in base 16?
-2a53
-3646 (base 10) to base 3
-12000001
Convert 11318 (base 13) to base 7.
160133
What is 10622 (base 14) in base 4?
21223012
Convert 50333 (base 6) to base 16.
19d1
Convert 2cda (base 14) to base 4.
1331200
Convert 112113 (base 6) to base 15.
2c69
What is -13d (base 15) in base 6?
-1151
What is -256 (base 13) in base 9?
-504
What is -5578 (base 9) in base 6?
-31025
1506 (base 7) to base 15
299
-1001101100011 (base 2) to base 8
-11543
What is -831 (base 10) in base 7?
-2265
What is -1001001110 (base 2) in base 5?
-4330
179 (base 14) to base 3
102020
Convert -1582 (base 10) to base 12.
-aba
Convert 8336 (base 14) to base 11.
15a75
What is -1331 (base 4) in base 13?
-98
What is -462 (base 9) in base 2?
-101111100
What is 2111020 (base 3) in base 5?
24230
What is -1100 (base 3) in base 10?
-36
Convert -3735 (base 12) to base 14.
-23b3
Convert -323120 (base 6) to base 3.
-1100111210
What is 6a66 (base 11) in base 8?
22064
100000000001 (base 2) to base 8
4001
16028 (base 12) to base 9
46635
1135 (base 13) to base 4
211222
What is -4b78 (base 15) in base 7?
-64622
What is -120000200 (base 3) in base 11?
-8258
What is -292 (base 10) in base 16?
-124
What is 614 (base 14) in base 7?
3324
Convert -2122 (base 3) to base 10.
-71
-101000210 (base 3) to base 12
-4293
What is 2a67 (base 11) in base 4?
331221
What is 1301 (base 5) in base 16?
c9
What is -11100010100 (base 2) in base 3?
-2111010
What is 11252 (base 9) in base 16?
1d4b
-1930 (base 12) to base 6
-22100
What is 1c64 (base 15) in base 16?
1819
What is 3761 (base 10) in base 5?
110021
c4a (base 14) to base 15
ab3
What is 3209 (base 10) in base 2?
110010001001
What is -4a1 (base 16) in base 8?
-2241
-3002 (base 6) to base 7
-1616
What is -6189 (base 13) in base 9?
-20420
-3b54 (base 13) to base 11
-6445
Convert -20212101 (base 3) to base 11.
-3840
What is -3ab18 (base 12) in base 14?
-217a4
What is -241012 (base 5) in base 7?
-34616
Convert 39084 (base 11) to base 2.
1101101010111010
-51 (base 16) to base 6
-213
967 (base 11) to base 2
10010001010
-1103 (base 4) to base 7
-146
What is -540 (base 8) in base 14?
-1b2
Convert -10010101010011 (base 2) to base 6.
-112123
-3d7 (base 14) to base 15
-36c
3072 (base 8) to base 4
120322
What is 1a616 (base 11) in base 9?
43322
-11452 (base 8) to base 2
-1001100101010
Convert 2302 (base 4) to base 7.
343
Convert 202112210 (base 3) to base 16.
3a83
-9d45 (base 14) to base 3
-1101110022
Convert -215b (base 16) to base 7.
-33616
Convert -92e (base 15) to base 14.
-a7b
22200 (base 5) to base 12
a92
What is -13a04 (base 11) in base 16?
-4d88
Convert -3203 (base 6) to base 11.
-5a8
What is 22de (base 16) in base 10?
8926
Convert 474b (base 13) to base 16.
2732
Convert -7f2 (base 16) to base 7.
-5634
What is 4526 (base 7) in base 3?
2020122
What is -22011 (base 5) in base 2?
-10111100010
What is -125012 (base 7) in base 12?
-11605
2030111 (base 4) to base 2
10001100010101
What is 1211 (base 5) in base 6?
501
10731 (base 10) to base 14
3ca7
-738 (base 13) to base 8
-2316
What is 365 (base 7) in base 13?
11c
What is 41416 (base 9) in base 6?
330240
5303 (base 6) to base 5
14231
dd (base 16) to base 11
191
Convert -1384 (base 13) to base 5.
-42222
What is aeeb (base 15) in base 6?
443505
-1355 (base 7) to base 9
-648
What is -121011 (base 5) in base 6?
-32510
-1100110111101100 (base 2) to base 4
-30313230
Convert -4b (base 12) to base 2.
-111011
Convert -15131 (base 9) to base 5.
-312230
-356 (base 16) to base 3
-1011122
Convert 32e (base 15) to base 12.
4bb
Convert -2134 (base 10) to base 15.
-974
1b2 (base 16) to base 14
230
What is -362 (base 10) in base 2?
-101101010
What is 4461 (base 10) in base 8?
10555
What is -408 (base 10) in base 9?
-503
30221 (base 4) to base 15
38e
What is -12220 (base 3) in base 16?
-9f
What is -df (base 16) in base 13?
-142
Convert 3549 (base 11) to base 5.
122101
-100201 (base 3) to base 11
-219
What is -1001001100111 (base 2) in base 10?
-4711
-1214 (base 8) to base 6
-3004
What is -15548 (base 9) in base 12?
-61bb
Convert -9a (base 13) to base 7.
-241
10243 (base 5) to base 6
3122
5537 (base 13) to base 12
6a58
-12020 (base 5) to base 8
-1565
-11a79 (base 12) to base 16
-5dbd
What is 899 (base 14) in base 13?
a10
21a (base 14) to base 5
3131
Convert 101 (base 13) to base 12.
122
What is -2d (base 15) in base 10?
-43
56521 (base 9) to base 3
1220120201
aaa (base 11) to base 9
1737
What is -114163 (base 7) in base 8?
-50302
What is -1c18 (base 14) in base 8?
-11776
410 (base 10) to base 8
632
-17fe (base 16) to base 4
-1133332
-2a6 (base 13) to base 12
-336
What is 169 (base 10) in base 16?
a9
2345 (base 6) to base 5
4234
-d53d (base 14) to base 16
-8f63
-1526 (base 7) to base 6
-2452
11001101111000 (base 2) to base 14
4b32
What is 141 (base 11) in base 4?
2212
Convert -11366 (base 7) to base 9.
-4025
-110121 (base 3) to base 11
-28a
Convert 389 (base 11) to base 10.
460
Convert -55b (base 12) to base 11.
-65a
Convert -8024 (base 10) to base 3.
-102000012
What is -a90 (base 14) in base 5?
-31321
-ab8 (base 14) to base 4
-201022
What is -25 (base 8) in base 14?
-17
2b3 (base 14) to base 8
1045
-22100 (base 4) to base 6
-3012
Convert 92a0 (base 14) to base 11.
17a55
Convert -1011000001 (base 2) to base 13.
-423
-1397 (base 13) to base 16
-b0c
-232032 (base 4) to base 8
-5616
Convert 20102022 (base 3) to base 13.
218c
What is 4ac3 (base 14) in base 8?
31463
-42330 (base 6) to base 4
-1121232
3863 (base 9) to base 12
1810
-490 (base 14) to base 15
-40a
What is -10a3b (base 13) in base 9?
-45507
Convert -422 (base 9) to base 14.
-1a8
What is 204322 (base 5) in base 14?
26c5
Convert 2204 (base 9) to base 11.
1247
What is -3b (base 12) in base 5?
-142
-23203203 (base 4) to base 5
-3003311
What is 4 (base 16) in base 5?
4
Convert -6049 (base 12) to base 16.
-28b9
21d (base 14) to base 15
1ce
Convert -577 (base 8) to base 2.
-101111111
-123021 (base 7) to base 11
-16024
Convert 1636 (base 12) to base 2.
101001001010
What is 1435 (base 9) in base 4?
100331
What is -6707 (base 11) in base 4?
-2022020
What is 1313 (base 5) in base 10?
208
1d1 (base 16) to base 3
122020
-14425 (base 7) to base 6
-30244
What is 75766 (base 8) in base 13?
115a1
-33c8 (base 13) to base 8
-16136
What is -331350 (base 6) in base 8?
-65662
10110100100 (base 2) to base 8
2644
-9184 (base 10) to base 6
-110304
-94 (base 15) to base 11
-117
What is 29397 (base 11) in base 8?
121402
-514 (base 7) to base 11
-213
-2835 (base 11) to base 16
-e54
4422 (base 10) to base 5
120142
Convert -1131224 (base 6) to base 10.
-58624
d2b (base 14) to base 11
1a42
Convert 263556 (base 7) to base 2.
1100000010110111
-3446 (base 10) to base 9
-4648
What is -113330 (base 4) in base 3?
-2002202
Convert -8c15 (base 14) to base 5.
-1234243
Convert -11ca (base 15) to base 10.
-3790
What is 4102 (base 6) in base 12?
632
1154 (base 8) to base 9
758
-517 (base 10) to base 3
-201011
What is -1011010110 (base 2) in base 14?
-39c
Convert -a22c (base 13) to base 4.
-11131022
Con